{"id":392,"date":"2025-03-28T14:49:05","date_gmt":"2025-03-28T13:49:05","guid":{"rendered":"https:\/\/zrobznami.eu\/?page_id=392"},"modified":"2025-08-29T15:45:59","modified_gmt":"2025-08-29T13:45:59","slug":"strona-glowna","status":"publish","type":"page","link":"https:\/\/zrobznami.eu\/","title":{"rendered":"Strona g\u0142\u00f3wna"},"content":{"rendered":"\t\t<div data-elementor-type=\"wp-page\" data-elementor-id=\"392\" class=\"elementor elementor-392\">\n\t\t\t\t<div class=\"elementor-element elementor-element-ab66160 e-con-full e-flex e-con e-parent\" data-id=\"ab66160\" data-element_type=\"container\" data-e-type=\"container\">\n\t\t<div class=\"elementor-element elementor-element-8054689 e-con-full e-flex e-con e-child\" data-id=\"8054689\" data-element_type=\"container\" data-e-type=\"container\">\n\t\t\t\t<div class=\"elementor-element elementor-element-41a248a elementor-hidden-mobile elementor-widget elementor-widget-image\" data-id=\"41a248a\" data-element_type=\"widget\" data-e-type=\"widget\" data-widget_type=\"image.default\">\n\t\t\t\t<div class=\"elementor-widget-container\">\n\t\t\t\t\t\t\t\t\t\t\t\t\t\t\t<img fetchpriority=\"high\" decoding=\"async\" width=\"218\" height=\"1024\" src=\"https:\/\/zrobznami.eu\/wp-content\/uploads\/2025\/08\/Baner_matrix2-218x1024.png\" class=\"attachment-large size-large wp-image-521\" alt=\"\" srcset=\"https:\/\/zrobznami.eu\/wp-content\/uploads\/2025\/08\/Baner_matrix2-218x1024.png 218w, https:\/\/zrobznami.eu\/wp-content\/uploads\/2025\/08\/Baner_matrix2-64x300.png 64w\" sizes=\"(max-width: 218px) 100vw, 218px\" \/>\t\t\t\t\t\t\t\t\t\t\t\t\t\t\t<\/div>\n\t\t\t\t<\/div>\n\t\t\t\t<\/div>\n\t\t<div class=\"elementor-element elementor-element-c37457d e-con-full e-flex e-con e-child\" data-id=\"c37457d\" data-element_type=\"container\" data-e-type=\"container\">\n\t\t\t\t<div class=\"elementor-element elementor-element-8d25aee elementor-widget elementor-widget-text-editor\" data-id=\"8d25aee\" data-element_type=\"widget\" data-e-type=\"widget\" data-widget_type=\"text-editor.default\">\n\t\t\t\t<div class=\"elementor-widget-container\">\n\t\t\t\t\t\t\t\t\t<div class=\"wp-block-group alignfull\" style=\"color: #000000; margin-top: 0px; margin-bottom: 0px; padding: 0px;\">\n<div class=\"wp-block-group alignwide\">\n<h2>\u00a0<\/h2>\n<\/div>\n<\/div>\n<h2 style=\"color: #000000;\"><strong>WPHU MATRIX<\/strong><\/h2>\n<p style=\"color: #000000;\"><br \/>Nasza firma specjalizuje si\u0119 w sprzeda\u017cy, instalacji oraz serwisowaniu urz\u0105dze\u0144 fiskalnych renomowanych producent\u00f3w:<\/p>\n<ul class=\"wp-block-list\" style=\"font-size: 16px; background-color: #ffffff; color: #000000;\">\n<li style=\"font-size: 16px;\"><span style=\"font-weight: bolder;\">ELZAB S.A.<\/span><\/li>\n<li style=\"font-size: 16px;\"><span style=\"font-weight: bolder;\">INNOVA S.A.<\/span><\/li>\n<li style=\"font-size: 16px;\"><span style=\"font-weight: bolder;\">POSNET POLSKA S.A.<\/span><\/li>\n<\/ul>\n<p style=\"color: #000000;\">W ofercie znajduj\u0105 si\u0119 zar\u00f3wno urz\u0105dzenia mobilne, idealne dla pracy w terenie, jak i stacjonarne rozwi\u0105zania systemowe, przeznaczone do intensywnego u\u017cytkowania.<\/p>\n<p style=\"color: #000000;\">Opr\u00f3cz kas i drukarek fiskalnych oferujemy:<\/p>\n<ul class=\"wp-block-list\" style=\"font-size: 16px; background-color: #ffffff; color: #000000;\">\n<li style=\"font-size: 16px;\"><span style=\"font-weight: bolder;\">Drukarki paragonowe\u00a0<\/span>&#8211; drukarki termiczne i bonowe, wykorzystywane do drukowania paragon\u00f3w, potwierdze\u0144 oraz innych dokument\u00f3w sprzeda\u017cowych.<\/li>\n<li style=\"font-size: 16px;\"><span style=\"font-weight: bolder;\">Systemy POS<\/span>\u00a0&#8211; kompleksowe zestawy sprzeda\u017cowe oparte na jednostkach komputerowych i dotykowych monitorach, wsp\u00f3\u0142pracuj\u0105ce z drukarkami fiskalnymi.<\/li>\n<li style=\"font-size: 16px;\"><span style=\"font-weight: bolder;\">Programy dla firm<\/span>\u00a0&#8211; nowoczesne systemy informatyczne wspieraj\u0105ce dzia\u0142alno\u015b\u0107 r\u00f3\u017cnych bran\u017c, m.in. handel, gastronomi\u0119, hotelarstwo czy kosmetologi\u0119. W ofercie znajduj\u0105 si\u0119 systemy takich firm jak\u00a0<span style=\"font-weight: bolder;\">DGCSystem, WaPro, Novitus i ProgPol Telkombud<\/span>.<\/li>\n<\/ul>\n<p>\u00a0<\/p>\n<p style=\"color: #000000;\">Stawiamy na indywidualne podej\u015bcie do potrzeb naszych klient\u00f3w, zapewniaj\u0105c im efektywn\u0105 obs\u0142ug\u0119 sprzeda\u017cy i zgodno\u015b\u0107 z obowi\u0105zuj\u0105cymi przepisami.<\/p>\t\t\t\t\t\t\t\t<\/div>\n\t\t\t\t<\/div>\n\t\t\t\t<\/div>\n\t\t<div class=\"elementor-element elementor-element-b917bff e-con-full elementor-hidden-mobile e-flex e-con e-child\" data-id=\"b917bff\" data-element_type=\"container\" data-e-type=\"container\">\n\t\t\t\t<div class=\"elementor-element elementor-element-d3969a0 elementor-widget elementor-widget-image\" data-id=\"d3969a0\" data-element_type=\"widget\" data-e-type=\"widget\" data-widget_type=\"image.default\">\n\t\t\t\t<div class=\"elementor-widget-container\">\n\t\t\t\t\t\t\t\t\t\t\t\t\t\t\t<img fetchpriority=\"high\" decoding=\"async\" width=\"218\" height=\"1024\" src=\"https:\/\/zrobznami.eu\/wp-content\/uploads\/2025\/08\/Baner_matrix2-218x1024.png\" class=\"attachment-large size-large wp-image-521\" alt=\"\" srcset=\"https:\/\/zrobznami.eu\/wp-content\/uploads\/2025\/08\/Baner_matrix2-218x1024.png 218w, https:\/\/zrobznami.eu\/wp-content\/uploads\/2025\/08\/Baner_matrix2-64x300.png 64w\" sizes=\"(max-width: 218px) 100vw, 218px\" \/>\t\t\t\t\t\t\t\t\t\t\t\t\t\t\t<\/div>\n\t\t\t\t<\/div>\n\t\t\t\t<\/div>\n\t\t\t\t<\/div>\n\t\t\t\t<\/div>\n\t\t","protected":false},"excerpt":{"rendered":"<p>\u00a0 WPHU MATRIX Nasza firma specjalizuje si\u0119 w sprzeda\u017cy, instalacji oraz serwisowaniu urz\u0105dze\u0144 fiskalnych renomowanych producent\u00f3w: ELZAB S.A. INNOVA S.A. POSNET POLSKA S.A. W ofercie znajduj\u0105 si\u0119 zar\u00f3wno urz\u0105dzenia mobilne, idealne dla pracy w terenie, jak i stacjonarne rozwi\u0105zania systemowe, przeznaczone do intensywnego u\u017cytkowania. Opr\u00f3cz kas i drukarek fiskalnych oferujemy: Drukarki paragonowe\u00a0&#8211; drukarki termiczne i [&hellip;]<\/p>\n","protected":false},"author":2,"featured_media":0,"parent":0,"menu_order":0,"comment_status":"closed","ping_status":"closed","template":"","meta":{"footnotes":""},"class_list":["post-392","page","type-page","status-publish","hentry"],"_links":{"self":[{"href":"https:\/\/zrobznami.eu\/index.php\/wp-json\/wp\/v2\/pages\/392","targetHints":{"allow":["GET"]}}],"collection":[{"href":"https:\/\/zrobznami.eu\/index.php\/wp-json\/wp\/v2\/pages"}],"about":[{"href":"https:\/\/zrobznami.eu\/index.php\/wp-json\/wp\/v2\/types\/page"}],"author":[{"embeddable":true,"href":"https:\/\/zrobznami.eu\/index.php\/wp-json\/wp\/v2\/users\/2"}],"replies":[{"embeddable":true,"href":"https:\/\/zrobznami.eu\/index.php\/wp-json\/wp\/v2\/comments?post=392"}],"version-history":[{"count":54,"href":"https:\/\/zrobznami.eu\/index.php\/wp-json\/wp\/v2\/pages\/392\/revisions"}],"predecessor-version":[{"id":535,"href":"https:\/\/zrobznami.eu\/index.php\/wp-json\/wp\/v2\/pages\/392\/revisions\/535"}],"wp:attachment":[{"href":"https:\/\/zrobznami.eu\/index.php\/wp-json\/wp\/v2\/media?parent=392"}],"curies":[{"name":"wp","href":"https:\/\/api.w.org\/{rel}","templated":true}]}}